hat is the remainder when 386 is divided by 212?
174
Calculate the remainder when 1215831 is divided by 139.
137
What is the remainder when 30616 is divided by 39?
1
Calculate the remainder when 4058637 is divided by 540.
537
What is the remainder when 723 is divided by 169?
47
What is the remainder when 164747 is divided by 50?
47
Calculate the remainder when 6820006 is divided by 99.
94
What is the remainder when 549790 is divided by 42?
10
What is the remainder when 4246 is divided by 1384?
94
Calculate the remainder when 857719 is divided by 25.
19
What is the remainder when 133370 is divided by 5797?
39
Calculate the remainder when 11930 is divided by 5958.
14
Calculate the remainder when 2870 is divided by 942.
44
Calculate the remainder when 10163 is divided by 12.
11
Calculate the remainder when 4854 is divided by 36.
30
What is the remainder when 511649 is divided by 1127?
1118
What is the remainder when 93543 is divided by 43?
18
What is the remainder when 4204 is divided by 177?
133
What is the remainder when 2696 is divided by 2496?
200
Calculate the remainder when 682 is divided by 640.
42
Calculate the remainder when 2407 is divided by 1962.
445
Calculate the remainder when 7128 is divided by 1997.
1137
What is the remainder when 147529 is divided by 7?
4
What is the remainder when 374192 is divided by 3?
2
What is the remainder when 1393 is divided by 457?
22
Calculate the remainder when 9084 is divided by 6129.
2955
Calculate the remainder when 6443 is divided by 127.
93
Calculate the remainder when 2604138 is divided by 1045.
1043
What is the remainder when 212341 is divided by 46?
5
What is the remainder when 6384 is divided by 112?
0
Calculate the remainder when 255749 is divided by 682.
681
What is the remainder when 213162 is divided by 1733?
3
Calculate the remainder when 134479 is divided by 96.
79
What is the remainder when 339958 is divided by 113309?
31
What is the remainder when 2696 is divided by 525?
71
What is the remainder when 7722 is divided by 552?
546
Calculate the remainder when 8546 is divided by 4257.
32
What is the remainder when 17681 is divided by 22?
15
Calculate the remainder when 59711 is divided by 122.
53
Calculate the remainder when 4181 is divided by 31.
27
Calculate the remainder when 126358 is divided by 193.
136
What is the remainder when 3193082 is divided by 245?
242
What is the remainder when 8579 is divided by 1081?
1012
Calculate the remainder when 65219 is divided by 29.
27
What is the remainder when 9655 is divided by 2510?
2125
Calculate the remainder when 1981 is divided by 637.
70
What is the remainder when 176161 is divided by 325?
11
What is the remainder when 849 is divided by 400?
49
Calculate the remainder when 202416 is divided by 357.
354
Calculate the remainder when 4309 is divided by 7.
4
What is the remainder when 35156 is divided by 11632?
260
Calculate the remainder when 10788 is divided by 415.
413
Calculate the remainder when 649910 is divided by 3532.
22
What is the remainder when 6358 is divided by 2058?
184
Calculate the remainder when 36070 is divided by 17970.
130
What is the remainder when 23629 is divided by 197?
186
Calculate the remainder when 1922 is divided by 104.
50
What is the remainder when 7967 is divided by 2646?
29
Calculate the remainder when 23300 is divided by 177.
113
What is the remainder when 371397 is divided by 137?
127
What is the remainder when 1110 is divided by 217?
25
What is the remainder when 4827 is divided by 69?
66
Calculate the remainder when 34907 is divided by 49.
19
Calculate the remainder when 11626 is divided by 2321.
21
Calculate the remainder when 60666 is divided by 645.
36
What is the remainder when 1059825 is divided by 31?
28
Calculate the remainder when 31411 is divided by 51.
46
Calculate the remainder when 733 is divided by 76.
49
What is the remainder when 6470 is divided by 39?
35
What is the remainder when 6607 is divided by 314?
13
Calculate the remainder when 1442 is divided by 706.
30
What is the remainder when 1725 is divided by 382?
197
What is the remainder when 484570 is divided by 916?
6
What is the remainder when 40799 is divided by 17?
16
Calculate the remainder when 1729 is divided by 50.
29
Calculate the remainder when 6399 is divided by 15.
9
Calculate the remainder when 8446 is divided by 223.
195
What is the remainder when 5881 is divided by 254?
39
What is the remainder when 23443 is divided by 15?
13
Calculate the remainder when 10978 is divided by 3657.
7
What is the remainder when 766786 is divided by 444?
442
Calculate the remainder when 3669 is divided by 526.
513
Calculate the remainder when 9392 is divided by 4664.
64
What is the remainder when 2700998 is divided by 8?
6
Calculate the remainder when 13505 is divided by 74.
37
What is the remainder when 20248 is divided by 3?
1
What is the remainder when 30004 is divided by 545?
29
What is the remainder when 6558 is divided by 1135?
883
Calculate the remainder when 506873 is divided by 253429.
15
What is the remainder when 1153 is divided by 389?
375
What is the remainder when 33144 is divided by 17?
11
Calculate the remainder when 29514 is divided by 73.
22
Calculate the remainder when 20590 is divided by 203.
87
What is the remainder when 245734 is divided by 35?
34
What is the remainder when 70275 is divided by 17?
14
What is the remainder when 1315 is divided by 60?
55
Calculate the remainder when 353029 is divided by 70601.
24
What is the remainder when 2138 is divided by 34?
30
Calculate the remainder when 3605 is divided by 228.
185
Calculate the remainder when 1915 is divided by 351.
160
Calculate the remainder when 151934 is divided by 74.
12
Calculate the remainder when 562858 is divided by 59.
57
What is the remainder when 3574 is divided by 112?
102
Calculate the remainder when 27364 is divided by 141.
10
Calculate the remainder when 770894 is divided by 5796.
26
What is the remainder when 12304 is divided by 32?
16
Calculate the remainder when 1056303 is divided by 352099.
6
What is the remainder when 1302 is divided by 243?
87
Calculate the remainder when 9981 is divided by 93.
30
What is the remainder when 112717 is divided by 183?
172
What is the remainder when 22851 is divided by 112?
3
Calculate the remainder when 186574 is divided by 46.
44
What is the remainder when 339509 is divided by 10?
9
Calculate the remainder when 1342 is divided by 328.
30
What is the remainder when 106868 is divided by 2323?
10
Calculate the remainder when 8902 is divided by 10.
2
What is the remainder when 1180 is divided by 17?
7
Calculate the remainder when 57033 is divided by 193.
98
Calculate the remainder when 12621 is divided by 50.
21
What is the remainder when 4741 is divided by 512?
133
Calculate the remainder when 52667 is divided by 209.
208
Calculate the remainder when 12128 is divided by 1101.
17
Calculate the remainder when 5976 is divided by 74.
56
What is the remainder when 243478 is divided by 32?
22
Calculate the remainder when 6098 is divided by 107.
106
Calculate the remainder when 12917 is divided by 563.
531
What is the remainder when 5889 is divided by 5881?
8
Calculate the remainder when 1167362 is divided by 9.
8
Calculate the remainder when 327841 is divided by 1061.
1053
What is the remainder when 2562 is divided by 157?
50
What is the remainder when 220158 is divided by 6?
0
Calculate the remainder when 8916 is divided by 2225.
16
What is the remainder when 16458 is divided by 4110?
18
Calculate the remainder when 18152 is divided by 491.
476
What is the remainder when 15627 is divided by 7?
3
What is the remainder when 75847 is divided by 15168?
7
What is the remainder when 4487 is divided by 737?
65
What is the remainder when 12988 is divided by 6486?
16
What is the remainder when 4509 is divided by 895?
34
What is the remainder when 874 is divided by 63?
55
What is the remainder when 12396 is divided by 6190?
16
Calculate the remainder when 383294 is divided by 101.
100
Calculate the remainder when 929 is divided by 595.
334
What is the remainder when 6098 is divided by 12?
2
Calculate the remainder when 3447767 is divided by 34.
31
What is the remainder when 406942 is divided by 135647?
1
What is the remainder wh